 are the prime factors of 1411122?
2, 3, 251, 937
List the prime factors of 1216495.
5, 7, 34757
List the prime factors of 178966.
2, 43, 2081
List the prime factors of 1400229.
3, 155581
List the prime factors of 2322537.
3, 7, 110597
List the prime factors of 1117865.
5, 7, 19, 41
List the prime factors of 3385902.
2, 3, 13, 83, 523
What are the prime factors of 1398065?
5, 279613
What are the prime factors of 323358?
2, 3, 7, 7699
What are the prime factors of 737113?
13, 56701
What are the prime factors of 2772337?
71, 39047
What are the prime factors of 536648?
2, 7, 37
List the prime factors of 162626.
2, 31, 43, 61
What are the prime factors of 107090?
2, 5, 10709
What are the prime factors of 931131?
3, 307, 337
What are the prime factors of 1554978?
2, 3, 259163
List the prime factors of 35596.
2, 11, 809
List the prime factors of 1134557.
1134557
List the prime factors of 5013245.
5, 19, 113, 467
List the prime factors of 97790.
2, 5, 7, 11, 127
List the prime factors of 6488689.
2017, 3217
List the prime factors of 696133.
17, 40949
What are the prime factors of 20171627?
7, 173, 16657
What are the prime factors of 2053153?
1193, 1721
What are the prime factors of 237548?
2, 59387
What are the prime factors of 142933?
7, 2917
List the prime factors of 7628408.
2, 953551
List the prime factors of 824104.
2, 31, 3323
What are the prime factors of 1482808?
2, 17, 10903
What are the prime factors of 33043?
173, 191
List the prime factors of 8952711.
3, 2984237
List the prime factors of 2636346.
2, 3, 349, 1259
What are the prime factors of 8787?
3, 29, 101
What are the prime factors of 13886517?
3, 139, 33301
What are the prime factors of 29498796?
2, 3, 71, 3847
List the prime factors of 112544.
2, 3517
What are the prime factors of 11494483?
7, 11, 13, 11483
What are the prime factors of 4261116?
2, 3, 355093
What are the prime factors of 5321213?
61, 83, 1051
List the prime factors of 1166303.
751, 1553
What are the prime factors of 17199566?
2, 1117, 7699
What are the prime factors of 385132?
2, 11, 8753
What are the prime factors of 332239?
457, 727
List the prime factors of 1991954.
2, 47, 21191
What are the prime factors of 388013?
53, 7321
List the prime factors of 1575032.
2, 196879
List the prime factors of 6756999.
3, 71, 31723
What are the prime factors of 13720350?
2, 3, 5, 7, 73, 179
List the prime factors of 11763082.
2, 17, 277, 1249
List the prime factors of 577135.
5, 13, 683
What are the prime factors of 6626537?
53, 125029
What are the prime factors of 3261604?
2, 815401
List the prime factors of 28767370.
2, 5, 2876737
What are the prime factors of 2294333?
37, 59, 1051
List the prime factors of 2584014.
2, 3, 269, 1601
What are the prime factors of 1694339?
17, 99667
What are the prime factors of 3528248?
2, 17, 25943
What are the prime factors of 105765?
3, 5, 11, 641
What are the prime factors of 23062488?
2, 3, 960937
List the prime factors of 24257.
127, 191
List the prime factors of 1397872.
2, 7, 1783
What are the prime factors of 2658433?
769, 3457
List the prime factors of 211031.
281, 751
What are the prime factors of 1679157?
3, 62191
List the prime factors of 1141187.
113, 10099
What are the prime factors of 230553?
3, 8539
What are the prime factors of 2729867?
7, 389981
What are the prime factors of 304142?
2, 241, 631
List the prime factors of 1172939.
1172939
What are the prime factors of 3253994?
2, 23, 127, 557
List the prime factors of 633916.
2, 19, 439
What are the prime factors of 179202?
2, 3, 29867
List the prime factors of 1280263.
29, 131, 337
What are the prime factors of 42893?
59, 727
List the prime factors of 53595.
3, 5, 397
List the prime factors of 3180587.
71, 44797
List the prime factors of 270388.
2, 23, 2939
What are the prime factors of 1469820?
2, 3, 5, 11, 17, 131
List the prime factors of 3056847.
3, 1018949
What are the prime factors of 1412188?
2, 353047
What are the prime factors of 633037?
633037
List the prime factors of 2879968.
2, 7, 13, 23, 43
List the prime factors of 584012.
2, 11, 13, 1021
List the prime factors of 80532.
2, 3, 2237
What are the prime factors of 5008439?
683, 7333
What are the prime factors of 247890?
2, 3, 5, 8263
What are the prime factors of 1631967?
3, 19, 28631
List the prime factors of 1985103.
3, 367, 601
List the prime factors of 4840406.
2, 1163, 2081
What are the prime factors of 155619?
3, 17291
What are the prime factors of 11566532?
2, 307, 9419
What are the prime factors of 2194418?
2, 1097209
What are the prime factors of 67589?
67589
List the prime factors of 1758140.
2, 5, 17, 5171
List the prime factors of 22184840.
2, 5, 31, 17891
List the prime factors of 19574.
2, 9787
What are the prime factors of 2285011?
59, 38729
List the prime factors of 3921210.
2, 3, 5, 47, 103
List the prime factors of 516466.
2, 258233
List the prime factors of 2256217.
2256217
What are the prime factors of 1554487?
11, 29, 443
What are the prime factors of 144677?
13, 31, 359
What are the prime factors of 900305?
5, 7, 29, 887
List the prime factors of 20302195.
5, 59, 68821
What are the prime factors of 223336?
2, 27917
List the prime factors of 105291.
3, 11699
What are the prime factors of 45391?
19, 2389
What are the prime factors of 3801926?
2, 601, 3163
What are the prime factors of 16821780?
2, 3, 5, 139, 2017
List the prime factors of 2326719.
3, 775573
List the prime factors of 343601.
343601
List the prime factors of 9913259.
263, 37693
What are the prime factors of 912559?
912559
List the prime factors of 1774711.
569, 3119
What are the prime factors of 1184600?
2, 5, 5923
What are the prime factors of 818871?
3, 107, 2551
List the prime factors of 2804935.
5, 7, 80141
List the prime factors of 1382348.
2, 11, 89, 353
What are the prime factors of 4560315?
3, 5, 304021
What are the prime factors of 1082384?
2, 61, 1109
What are the prime factors of 2439209?
313, 7793
List the prime factors of 26644203.
3, 2960467
What are the prime factors of 223647?
3, 127, 587
List the prime factors of 1502738.
2, 79, 9511
What are the prime factors of 2830391?
2830391
List the prime factors of 308235.
3, 5, 20549
What are the prime factors of 15705493?
15705493
List the prime factors of 761746.
2, 127, 2999
List the prime factors of 714948.
2, 3, 13, 4583
List the prime factors of 1433331.
3, 67, 2377
List the prime factors of 60399.
3, 2237
What are the prime factors of 20171?
23, 877
What are the prime factors of 184612?
2, 46153
What are the prime factors of 8606216?
2, 17, 63281
List the prime factors of 2409172.
2, 17, 71, 499
What are the prime factors of 913634?
2, 19, 24043
List the prime factors of 3108379.
3108379
List the prime factors of 600258.
2, 3, 100043
What are the prime factors of 1226227?
17, 4243
What are the prime factors of 1905708?
2, 3, 7, 463
List the prime factors of 3269487.
3, 13, 83833
What are the prime factors of 470972?
2, 19, 6197
What are the prime factors of 492879?
3, 19, 8647
List the prime factors of 3889815.
3, 5, 259321
What are the prime factors of 943534?
2, 17, 27751
List the prime factors of 12291121.
12291121
What are the prime factors of 7993598?
2, 31, 4159
What are the prime factors of 11156143?
79, 283, 499
What are the prime factors of 38624716?
2, 13, 742783
What are the prime factors of 19083847?
19, 449, 2237
List the prime factors of 312809.
7, 44687
List the prime factors of 2353322.
2, 857, 1373
List the prime factors of 7303396.
2, 673, 2713
What are the prime factors of 7148357?
7148357
What are the prime factors of 2488152?
2, 3, 43, 2411
List the prime factors of 5181606.
2, 3, 287867
What are the prime factors of 25151?
7, 3593
List the prime factors of 8323318.
2, 193, 21563
List the prime factors of 4579427.
4579427
List the prime factors of 260846.
2, 130423
List the prime factors of 11386899.
3, 257, 547
What are the prime factors of 221128?
2, 131, 211
List the prime factors of 1300920.
2, 3, 5, 37, 293
List the prime factors of 3626337.
3, 11, 13, 79, 107
What are the prime factors of 88762?
2, 44381
What are the prime factors of 3511390?
2, 5, 19, 18481
What are the prime factors of 117847?
191, 617
List the prime factors of 7042112.
2, 7, 11, 1429
What are the prime factors of 364